 Let r(l) = -4*l - 2. Let x be r(c). What is the greatest common divisor of n and x?
10
Suppose -6*b = b - b. Suppose b = -2*h + 8, -m + 3*h = 2*m - 12. Calculate the highest common factor of m and 24.
8
Let q = 93 + 24. Suppose 5*m = -109 + 394. Let u = -44 + m. Calculate the highest common factor of u and q.
13
Suppose -4*p = 5*i - 186, 2*p + 3*i - 104 + 10 = 0. Suppose -2*y + 36 = -3*w, 2*y - p = -0*y + 5*w. Calculate the greatest common factor of 108 and y.
12
Let r be 2*481 - -10*(-6)/30. Calculate the greatest common divisor of r and 20.
20
Let f(d) = 126*d**3 + d**2 - 3*d + 2. Let t be f(1). Suppose t = j + 5*j. Calculate the highest common factor of 14 and j.
7
Suppose -7 = -5*d + 8. Let s be ((-27)/(-6))/(0 - (-6)/40). Suppose 0 = a + 4*a - s. What is the highest common divisor of d and a?
3
Let l be 1242/(-138)*(-40)/9. Calculate the highest common factor of l and 500.
20
Let z = -61 + 69. Suppose 72 = z*a - 312. Calculate the greatest common divisor of a and 3.
3
Let u(a) = -a**2 + 4 + 11*a + 0*a - 5*a + a. Let g be u(7). Suppose g*d = 5*j + 12, 0*d - 4*j - 12 = -4*d. What is the greatest common divisor of d and 27?
3
Suppose -13 = -k + 9. Suppose -o + 1 = 0, 0 = -3*z - 2*z + o + 9. Suppose 141 = -2*r - z*u + 527, 4*r + 5*u = 767. What is the highest common factor of k and r?
22
Suppose 2*i - 1012 = -3*t - 0*t, -5*t = -5*i - 1695. Suppose 0 = 4*b - t - 58. What is the greatest common divisor of 11 and b?
11
Let z be 1*22 + 90 + -95. Calculate the highest common factor of 17 and z.
17
Let h(b) = b**3 - 2*b**2 - 11*b - 9. Let g be h(6). Suppose 0 = -5*v + 20*v - 7245. Calculate the highest common factor of g and v.
69
Suppose -3*o - 4*o + 210 = 0. Calculate the highest common factor of 48 and o.
6
Let v = 145 - 65. Let m = v + -79. Calculate the highest common divisor of m and 8.
1
Let m = 188 + -563. Let u = -183 - m. Calculate the highest common divisor of u and 16.
16
Suppose 0 = p + p. Let f be (p + -2)*-3 + -1. Let v(r) = -6*r + 1. Let j be v(-4). What is the highest common factor of f and j?
5
Let f(d) = d**3 - d**2 + d + 6. Let l be f(0). Suppose -2 = l*g - 14. Calculate the highest common divisor of g and 5.
1
Suppose -32*n + 351 = 7*n. Calculate the highest common divisor of n and 909.
9
Let l = -279 + 323. Calculate the highest common factor of l and 165.
11
Let o = -142 + 154. Let n be 148/6 + (-8)/12. What is the highest common divisor of o and n?
12
Let s = -345 - -395. Calculate the highest common divisor of s and 325.
25
Let u = 1277 - 378. Calculate the highest common divisor of u and 58.
29
Suppose 10*f + 644 = 1854. Calculate the highest common divisor of f and 33.
11
Let x = 361 - 165. Calculate the greatest common divisor of x and 56.
28
Let t be (1 - 2)/((-3)/18). Suppose 0 = 3*i + 4*z - 14, -5*i - t*z + 18 = -2*z. Suppose -1137 = 8*k - 1169. What is the highest common factor of i and k?
2
Suppose 4*g - 6*k + 4*k = -44, -4*g - 3*k - 54 = 0. Let j = g + 8. Let x be (-3 - -2)*3*j. What is the highest common factor of x and 30?
6
Let w be 115/3 + 1/(-3). Suppose z - 4*c + 2 = -z, 4*c = -2*z + w. What is the highest common divisor of z and 6?
3
Let b = 82 + 142. Let p = b + -32. Suppose 2*i - 52 = -n, 0*n - 4*n = i - 40. Calculate the greatest common divisor of p and i.
24
Suppose -51*x + 47*x = -180. What is the greatest common factor of 120 and x?
15
Suppose 24*x = 8*x + 2320. What is the highest common divisor of 58 and x?
29
Let l be (0 - 70/(-3))/((-196)/(-4410)). Calculate the highest common divisor of 21 and l.
21
Suppose 189*b + 3135 = 194*b. What is the greatest common divisor of b and 33?
33
Let r be 510/100 - 1/10. What is the highest common divisor of r and 2?
1
Let y be 8/(-16)*(-14 + -2). Let d = 13 - 9. Suppose h = -h + d. Calculate the greatest common factor of h and y.
2
Let f = 599 + -583. Calculate the greatest common factor of f and 28.
4
Suppose -4*f - x + 102 = 0, -3*f + x + 16 + 64 = 0. What is the greatest common divisor of f and 325?
13
Let i be 264/(-20)*90/(-4). Calculate the highest common divisor of i and 108.
27
Let z = -584 - -624. What is the greatest common factor of z and 24?
8
Suppose 1134 = -10*x + 1184. Calculate the greatest common factor of 8 and x.
1
Let g(z) = 14*z**2 - 65*z - 69. Let h be g(19). Calculate the greatest common divisor of h and 25.
25
Let w = 140 - 147. Suppose -j = 4*k + 2*j - 320, 166 = 2*k + 3*j. Let d be (-24)/w*k/11. Calculate the highest common divisor of 60 and d.
12
Let h be (-102)/(-3) + (1 - -3)/2. Calculate the highest common divisor of h and 156.
12
Let m(f) = -f**2 + 29*f + 210. Let h be m(34). What is the greatest common factor of h and 10?
10
Let j be (-10)/(-4) + (-2)/(-4). Suppose 0*a = -a - f - 31, a + 35 = j*f. Let r be a/(-3)*(11 - 8). Calculate the highest common factor of r and 4.
4
Suppose 3*w = 3*x - 44 - 85, -2*x - 4*w = -92. Calculate the greatest common factor of 6 and x.
2
Let m(s) = 3*s**2 - 2*s - 9. Let o be m(-4). Suppose -5*y + o = -8. Calculate the highest common divisor of y and 121.
11
Suppose 90 = 23*b - 715. Let i(y) = y. Let j be i(5). Calculate the highest common factor of b and j.
5
Suppose 0 = -60*x + 64*x + 8, -3*x = -3*o + 114. Calculate the greatest common divisor of o and 1692.
36
Let f be (161/14)/(22/20 - 1). What is the greatest common divisor of f and 10?
5
Let z be 40 - (4 - (4 + 4)). Let u = -260 - -271. What is the greatest common divisor of z and u?
11
Suppose -3*x - v + 31 = -6*v, v - 5 = -5*x. Suppose -5*f + x*z + 84 = -3, z + 52 = 3*f. Calculate the greatest common factor of 51 and f.
17
Let r = 33 + -41. Suppose 0 = -2*c + 10 - 0. Let f be r/c*10/(-4). Calculate the highest common factor of f and 1.
1
Let t = -26 - -66. Let x be 91/13 - ((-3)/1)/(-1). Suppose 0 = x*m - j - 42, 8 = -2*m + 3*m + j. Calculate the highest common factor of t and m.
10
Suppose 406 = -5*g + 5*k - 124, 3*g + 322 = 4*k. Let b = g + 170. Calculate the greatest common divisor of 34 and b.
34
Let a be 4/14 + (-2 - (-534)/42). What is the greatest common factor of 341 and a?
11
Suppose -37*c + 3126 = -2979. Suppose -33 = 2*f - 151. Suppose 3*k - 49 = 4*t, 5*k - k + t = f. Calculate the highest common factor of k and c.
15
Let c = -322 - -219. Let y = -79 - c. Calculate the greatest common factor of 48 and y.
24
Suppose -15*t = -292 - 23. Suppose s + 1 = x - t, -125 = -5*x + 2*s. What is the greatest common divisor of x and 297?
27
Suppose 8*t - 77 = -0*t + 27. Suppose -a + 120 - 3 = 0. Calculate the highest common divisor of t and a.
13
Let w = 358 + -294. What is the highest common factor of w and 112?
16
Suppose -19 = -4*w + 61. Suppose 4*s - 20 = w. Let x = s - -34. What is the highest common factor of 4 and x?
4
Let j be 60/6*52/10. Let o(z) = 4 + 9*z + 4 - 2*z - 17*z. Let d be o(-7). Calculate the highest common factor of j and d.
26
Let u be ((-14)/(-3))/(31/558). Calculate the highest common divisor of u and 672.
84
Let g = -54 - -42. Let u be (g - -10) + 216/2. What is the greatest common divisor of 159 and u?
53
Suppose 0 = 18*i - 378 - 234. Calculate the highest common factor of i and 527.
17
Let y(p) be the first derivative of -p**4/4 - 4*p**3/3 - p**2/2 - 5*p + 2. Let l be y(-4). Let r = 7 - l. What is the greatest common factor of 8 and r?
8
Let r(g) = -2*g + 57. Let h be r(9). Calculate the greatest common divisor of 13 and h.
13
Let q = 1832 - 1767. What is the greatest common divisor of 3185 and q?
65
Let v = -114 + 180. Let l be (7/(-6))/((-11)/v). Suppose 2*x = -4*u + 26, u - 5*u + 12 = 0. What is the highest common divisor of l and x?
7
Let s(z) = 19*z + 115. Let l be s(12). What is the greatest common factor of 7 and l?
7
Suppose -2*w + 457 = 5*x, -4*w = -6*x + 5*x - 859. Calculate the highest common factor of w and 162.
54
Let i = 126 + 29. Let q = 159 - i. Let x = 20 - -24. What is the highest common factor of q and x?
4
Let u(m) = -4*m**2 - 28*m + 6. Let q be u(-7). Let d = 5 - 1. Suppose -d*t + 230 = -34. Calculate the greatest common factor of t and q.
6
Let g = -175 - -248. Let d = -63 + g. What is the highest common divisor of d and 10?
10
Let y = 1 + 19. Let u(n) = n**2 - 5*n + 8. Let a be u(4). Suppose a*r + r - 50 = 0. What is the greatest common factor of r and y?
10
Let q(r) = -3*r**2 - 40*r - 84. Le